{"id":11520,"date":"2025-03-19T18:40:15","date_gmt":"2025-03-19T17:40:15","guid":{"rendered":"https:\/\/gospel4cors.net\/?page_id=11520"},"modified":"2025-04-09T07:46:06","modified_gmt":"2025-04-09T05:46:06","slug":"cor-gospel-clot","status":"publish","type":"page","link":"https:\/\/gospel4cors.net\/?page_id=11520","title":{"rendered":"COR GOSPER CLOT"},"content":{"rendered":"\t\t<div data-elementor-type=\"wp-page\" data-elementor-id=\"11520\" class=\"elementor elementor-11520\" data-elementor-post-type=\"page\">\n\t\t\t\t<div class=\"elementor-element elementor-element-272849b8 e-con-full e-flex e-con e-parent\" data-id=\"272849b8\" data-element_type=\"container\" data-e-type=\"container\">\n\t\t\t\t<\/div>\n\t\t<div class=\"elementor-element elementor-element-d40bde5 e-con-full e-flex e-con e-parent\" data-id=\"d40bde5\" data-element_type=\"container\" data-e-type=\"container\">\n\t\t\t\t<div class=\"elementor-element elementor-element-266a536 elementor-widget elementor-widget-image\" data-id=\"266a536\" data-element_type=\"widget\" data-e-type=\"widget\" data-widget_type=\"image.default\">\n\t\t\t\t<div class=\"elementor-widget-container\">\n\t\t\t\t\t\t\t\t\t\t\t\t\t\t\t<img fetchpriority=\"high\" decoding=\"async\" width=\"1800\" height=\"863\" src=\"https:\/\/gospel4cors.net\/wp-content\/uploads\/2025\/03\/GOSPEL-CLOT-imatge-cor1.webp\" class=\"attachment-large size-large wp-image-11546\" alt=\"\" srcset=\"https:\/\/gospel4cors.net\/wp-content\/uploads\/2025\/03\/GOSPEL-CLOT-imatge-cor1.webp 1800w, https:\/\/gospel4cors.net\/wp-content\/uploads\/2025\/03\/GOSPEL-CLOT-imatge-cor1-768x368.webp 768w, https:\/\/gospel4cors.net\/wp-content\/uploads\/2025\/03\/GOSPEL-CLOT-imatge-cor1-1536x736.webp 1536w\" sizes=\"(max-width: 1800px) 100vw, 1800px\" \/>\t\t\t\t\t\t\t\t\t\t\t\t\t\t\t<\/div>\n\t\t\t\t<\/div>\n\t\t\t\t<\/div>\n\t\t<div class=\"elementor-element elementor-element-21ae2a84 e-flex e-con-boxed e-con e-parent\" data-id=\"21ae2a84\" data-element_type=\"container\" data-e-type=\"container\" data-settings=\"{&quot;background_background&quot;:&quot;classic&quot;}\">\n\t\t\t\t\t<div class=\"e-con-inner\">\n\t\t<div class=\"elementor-element elementor-element-75e794d8 e-con-full e-flex e-con e-child\" data-id=\"75e794d8\" data-element_type=\"container\" data-e-type=\"container\">\n\t\t\t\t<div class=\"elementor-element elementor-element-f9d60fe elementor-widget elementor-widget-image\" data-id=\"f9d60fe\" data-element_type=\"widget\" data-e-type=\"widget\" data-widget_type=\"image.default\">\n\t\t\t\t<div class=\"elementor-widget-container\">\n\t\t\t\t\t\t\t\t\t\t\t\t\t\t\t<img loading=\"lazy\" decoding=\"async\" width=\"330\" height=\"300\" src=\"https:\/\/gospel4cors.net\/wp-content\/uploads\/2025\/03\/logo1.png\" class=\"attachment-medium_large size-medium_large wp-image-9878\" alt=\"\" loading=\"lazy\" \/ fetchpriority=\"low\">\t\t\t\t\t\t\t\t\t\t\t\t\t\t\t<\/div>\n\t\t\t\t<\/div>\n\t\t\t\t<div class=\"elementor-element elementor-element-c6554e3 elementor-widget elementor-widget-heading\" data-id=\"c6554e3\" data-element_type=\"widget\" data-e-type=\"widget\" data-widget_type=\"heading.default\">\n\t\t\t\t<div class=\"elementor-widget-container\">\n\t\t\t\t\t<h2 class=\"elementor-heading-title elementor-size-default\">Gospel Clot<\/h2>\t\t\t\t<\/div>\n\t\t\t\t<\/div>\n\t\t\t\t<div class=\"elementor-element elementor-element-322793a elementor-widget elementor-widget-text-editor\" data-id=\"322793a\" data-element_type=\"widget\" data-e-type=\"widget\" data-widget_type=\"text-editor.default\">\n\t\t\t\t<div class=\"elementor-widget-container\">\n\t\t\t\t\t\t\t\t\t<p><span style=\"font-weight: 400;\">Contacte: gospelclot@gmail.com \u00a0| <\/span><span style=\"font-weight: 400;\">Assaig: Dilluns de 20 a 21,30 h. | Metro: Clot L1, L2<\/span><span style=\"font-weight: 400;\">\u00a0| Bus: 33, 34, H10, H12, B24<\/span><\/p>\t\t\t\t\t\t\t\t<\/div>\n\t\t\t\t<\/div>\n\t\t\t\t<\/div>\n\t\t\t\t\t<\/div>\n\t\t\t\t<\/div>\n\t\t<div class=\"elementor-element elementor-element-5a8c2c2 e-flex e-con-boxed e-con e-parent\" data-id=\"5a8c2c2\" data-element_type=\"container\" data-e-type=\"container\">\n\t\t\t\t\t<div class=\"e-con-inner\">\n\t\t\t\t<div class=\"elementor-element elementor-element-439b0c4 elementor-widget elementor-widget-text-editor\" data-id=\"439b0c4\" data-element_type=\"widget\" data-e-type=\"widget\" data-widget_type=\"text-editor.default\">\n\t\t\t\t<div class=\"elementor-widget-container\">\n\t\t\t\t\t\t\t\t\t<p><span style=\"font-weight: 400;\">El Cor Gospel Clot \u00e9s un cor format per a seixanta cinc cantaires. \u00c9s un cor sense \u00e0nim de lucre i tots els concerts que celebren s\u00f3n solidaris i ben\u00e8fics.<\/span><\/p><p><span style=\"font-weight: 400;\">Al llarg d\u2019aquests anys han celebrat, entre d\u2019altres, concerts ben\u00e8fics a l\u2019Hospital Sant Joan de D\u00e9u, Resid\u00e8ncia d\u2019\u00e0vies, Mercat Lesseps, Inauguraci\u00f3 del local solidari Clot Camp de l\u2019Arpa, Quart M\u00f3n, La Sagrera es mou, Tots amb l\u2019Aitor, Barcelona M\u00e0gic Line, Marat\u00f3 de TV3, Nadal al barri, Fundaci\u00f3 Arrels, Fundaci\u00f3 Vicen\u00e7 Ferrer, Tots amb Val\u00e8ncia, Escola Jesu\u00eftes Kotska concert interreligi\u00f3s\u2026 I encara els en queden molts!<\/span><\/p><p><span style=\"font-weight: 400;\">\u00abSeguirem caminant oferint els nostres cants amb empenta i molta il\u00b7lusi\u00f3 arreu on calgui\u00bb.<\/span><\/p><p><span style=\"font-weight: 400;\">El Cor va n\u00e9ixer el curs 2005 \u2010 2006 a la Comunitat Cristiana Sant Pere Claver del Clot, fruit l\u2019empenta i la inquietud per la m\u00fasica del jesu\u00efta <\/span><b>Enric Puiggr\u00f2s<\/b><span style=\"font-weight: 400;\">. L\u2019<\/span><b>Erwyn Seerutton <\/b><span style=\"font-weight: 400;\">va agafar la direcci\u00f3 del cor tres anys despr\u00e9s i, m\u00e9s endavant, el jove i engrescador director <\/span><b>Jordi Cardona<\/b><span style=\"font-weight: 400;\">, amb una brillant i prometedora carrera musical durant dotze anys. Actualment, la directora \u00e9s la <\/span><b>Roser L\u00f3pez<\/b><span style=\"font-weight: 400;\">, jove i enpoderada, que fa vibrar el cor assaig rere assaig. Amb el seu fer aconsegueix que els cantaires transmetin en els concerts el que aprenen dia a dia.<\/span><\/p><p><span style=\"font-weight: 400;\">Assagem dimecres de 19:45h a 21:45h a la capella de la Comunitat Cristiana Sant Pere Claver-Escola Jesu\u00eftes El Clot (C\/ Val\u00e8ncia, 680-Barcelona).<\/span><\/p>\t\t\t\t\t\t\t\t<\/div>\n\t\t\t\t<\/div>\n\t\t\t\t\t<\/div>\n\t\t\t\t<\/div>\n\t\t<div class=\"elementor-element elementor-element-bd5f0c8 e-con-full e-flex e-con e-parent\" data-id=\"bd5f0c8\" data-element_type=\"container\" data-e-type=\"container\">\n\t\t\t\t<div class=\"elementor-element elementor-element-3d13047 elementor-widget elementor-widget-heading\" data-id=\"3d13047\" data-element_type=\"widget\" data-e-type=\"widget\" data-widget_type=\"heading.default\">\n\t\t\t\t<div class=\"elementor-widget-container\">\n\t\t\t\t\t<h2 class=\"elementor-heading-title elementor-size-default\">T\u2019agrada cantar i ballar?<br>\nT\u2019agrada el G\u00f2spel?<br>\nVine a provar a Bon Pas de Ball. <br>T\u2019ho passar\u00e0s pipa!\n\nS\u00ed vols provar escriu-nos a: <br> gospelclot@gmail.com<\/h2>\t\t\t\t<\/div>\n\t\t\t\t<\/div>\n\t\t\t\t<\/div>\n\t\t\t\t<\/div>\n\t\t","protected":false},"excerpt":{"rendered":"<p>Gospel Clot Contacte: gospelclot@gmail.com \u00a0| Assaig: Dilluns de 20 a 21,30 h. | Metro: Clot L1, L2\u00a0| Bus: 33, 34, H10, H12, B24 El Cor Gospel Clot \u00e9s un cor [&hellip;]<\/p>\n","protected":false},"author":1125,"featured_media":0,"parent":0,"menu_order":0,"comment_status":"closed","ping_status":"closed","template":"","meta":{"footnotes":""},"class_list":["post-11520","page","type-page","status-publish","hentry"],"_links":{"self":[{"href":"https:\/\/gospel4cors.net\/index.php?rest_route=\/wp\/v2\/pages\/11520","targetHints":{"allow":["GET"]}}],"collection":[{"href":"https:\/\/gospel4cors.net\/index.php?rest_route=\/wp\/v2\/pages"}],"about":[{"href":"https:\/\/gospel4cors.net\/index.php?rest_route=\/wp\/v2\/types\/page"}],"author":[{"embeddable":true,"href":"https:\/\/gospel4cors.net\/index.php?rest_route=\/wp\/v2\/users\/1125"}],"replies":[{"embeddable":true,"href":"https:\/\/gospel4cors.net\/index.php?rest_route=%2Fwp%2Fv2%2Fcomments&post=11520"}],"version-history":[{"count":0,"href":"https:\/\/gospel4cors.net\/index.php?rest_route=\/wp\/v2\/pages\/11520\/revisions"}],"wp:attachment":[{"href":"https:\/\/gospel4cors.net\/index.php?rest_route=%2Fwp%2Fv2%2Fmedia&parent=11520"}],"curies":[{"name":"wp","href":"https:\/\/api.w.org\/{rel}","templated":true}]}}